 4*q = -8*k - j, -3*k + q - 15 = 0. What are the prime factors of 19/((-16)/k - 3)?
19
Let x(h) = 4*h - 3*h**3 + 4 - 5*h**2 - 3*h - 6*h + 4*h**3. Let m be x(6). Suppose m + 44 = 2*g. List the prime factors of g.
3
What are the prime factors of 0/2 + 647 - 4?
643
Let g(k) be the third derivative of k**5/30 + k**4/8 - 2*k**2. Suppose -m = -2*j + 3, -4*m - 3 = -4*j + 9. What are the prime factors of g(m)?
3
Let h(u) = u**3 + 14*u**2 + 38*u - 38. Let s(g) = g**3 + 13*g**2 + 39*g - 38. Let d(o) = -6*h(o) + 5*s(o). List the prime factors of d(-17).
3, 7
Suppose 4*w = -b - 83 - 276, 0 = b - 5*w + 314. Let p = -191 - b. List the prime factors of p.
2, 37
Suppose -d = 4*l + 1, -l + 3*d + 1 = 11. What are the prime factors of -9 - -152 - (l - 2)?
2, 73
Let m(d) = d**3 + 3*d**2 + 3*d + 1. Suppose 2*x - 2*g + 6 = 0, 4 = -x - g + 1. Let s be m(x). What are the prime factors of 3*s/6 - -64?
2, 3, 5
Suppose -s + 4*y + 2 = -14, -4*y = -3*s + 16. Suppose 4*w + 4*n - 228 = 44, -5*n + 5 = s. What are the prime factors of w?
67
Let b = -339 - -447. What are the prime factors of b?
2, 3
Let k = 24 + -24. Suppose k = -11*d + 6*d + 15. Suppose d*h + 37 - 94 = -3*i, -3*h - 33 = -3*i. What are the prime factors of i?
3, 5
Let u(r) = -164*r - 283. List the prime factors of u(-17).
3, 5, 167
Suppose -5 = -5*v, v + 126 = 2*x + 1. Let s be ((-36)/7)/((-3)/x). Suppose 4*h = h + s. What are the prime factors of h?
2, 3
Let r(h) = 0 - 2 - 15*h**3 + 14*h**3 - 2*h**2. Let n be r(-2). What are the prime factors of 4 - (-84)/(-8)*n?
5
Let c(l) = l**2 - 9*l + 32. List the prime factors of c(4).
2, 3
Suppose -4*v + 2796 - 238 = 2*i, 2*i = 5*v - 3211. List the prime factors of v.
641
Suppose 18 = 20*h - 6302. List the prime factors of h.
2, 79
Suppose -6*p = -p + 90. What are the prime factors of p/24*(-10 + -2)?
3
Let r be (5/3)/(2/(-3) - -1). Suppose -2*v = 2*v - 8, v = -r*x + 832. List the prime factors of x.
2, 83
Let r = -18 + 30. Let o = 45 + r. What are the prime factors of o?
3, 19
What are the prime factors of 4*36/96*(1272 + 0)?
2, 3, 53
Let n = -505 - -490. Let v(f) = f**2 + 5*f. Let p be v(-3). List the prime factors of ((-40)/n)/((-1)/p).
2
List the prime factors of 2/4 + 462/4.
2, 29
Suppose -n - 17 = 4*t, 5*n - n - 4*t - 32 = 0. Suppose 5*a - 315 = -0*a - 2*y, n*y = 4*a - 252. Let p = 90 - a. What are the prime factors of p?
3
Suppose -5*o = 215 + 115. Let r be ((-2)/(-4))/((-11)/o). Suppose 0 = -r*s - 5*i + 190, i = 2*s + 2*i - 115. What are the prime factors of s?
5, 11
Let z = 21 + -16. Suppose -2*v - 30 = -z*v. List the prime factors of 4/v + 669/15.
3, 5
Suppose -5*j = -3*m - 67, -m + 2*j = -j + 25. Let t = m - -22. Suppose -5*g - t*o = -2*o - 242, 4*g - 199 = o. List the prime factors of g.
7
Suppose 0 = -2*v - 5*p - 16, -p + 8 - 1 = -3*v. List the prime factors of (-6)/9 - 233/v.
7, 11
Suppose o + 2 = 0, -f - 2*f + 3400 = 4*o. What are the prime factors of f?
2, 71
Let k(s) = 6*s - 6. Let i = 41 + -13. Suppose -4*f + i = 5*n, -2*f - 8 = -3*n - 0. List the prime factors of k(n).
2, 3
Let t = -139 + 272. List the prime factors of t.
7, 19
What are the prime factors of 43/(2/(-784)*-8)?
7, 43
List the prime factors of (-4)/(-3)*(-33 - -108).
2, 5
Let p(r) = -r**3 + 9*r**2 + 13*r - 12. Let j be p(10). Suppose 2*q = 3*h - 13, -4*h + j = -2*q - 0. Suppose 92 + 133 = h*w. List the prime factors of w.
3, 5
Suppose 855 = b + 32*s - 37*s, 3*s - 2637 = -3*b. What are the prime factors of b?
5, 7
Let a be (-1)/4 + (-5)/60*-2019. List the prime factors of (450/(-8))/((-63)/a).
2, 3, 5
Let g = 678 - -765. List the prime factors of g.
3, 13, 37
Let u(t) = 312*t**2 + 3*t + 10. What are the prime factors of u(-2)?
2, 313
Suppose -4*w - 3*p + 175 = -8*p, -4*p = -2*w + 80. What are the prime factors of 720/w*15/2?
2, 3
Let h(q) = -8*q**3 - 4*q**2 - 4*q + 5. Let c be h(4). Let s = -364 - c. What are the prime factors of s?
223
Let i = -24 - -13. Let k(a) = -a - 8. Let t be k(i). Suppose t*v - 84 = -v. What are the prime factors of v?
3, 7
Let o be (72/90)/(1 + (-3)/5). List the prime factors of (17 + -13)/(o/64).
2
Let t = 28 + -26. Suppose -s - 5 = -t, 2*s - 29 = -5*y. What are the prime factors of y?
7
Suppose -7*w - 3*w - 760 = 0. Let r = -26 - w. What are the prime factors of r?
2, 5
Suppose o + 38 = 4*o + 4*s, -43 = -3*o - 5*s. What are the prime factors of (-8)/((9/24)/(o/(-4)))?
2
Let i(n) = -n**2 - 8*n + 13. Let d(q) = -q**2 - 14*q + 5. Let v be d(-14). Suppose 2*l - 31 = 6*l + s, v*l - 4*s + 44 = 0. What are the prime factors of i(l)?
13
List the prime factors of 1819/5 - (-1)/((-25)/20).
3, 11
Let l be 1 - (1/((-2)/(-10)) - 0). Let h(v) = -v**3 - 2 - 1 - 5*v**2 - 5*v + 7. What are the prime factors of h(l)?
2
Let i be 4/(-16) - 42/(-8). Suppose 2*j - s = j + 66, -324 = -i*j - s. Suppose 2*m - 15 = -2*r + j, -5*m = -4*r - 155. What are the prime factors of m?
5, 7
Suppose -a = -z - 147, 5*z + 9*a = 4*a - 685. Let i = z + 238. What are the prime factors of i?
2, 3
Let w = 410 + -255. What are the prime factors of w?
5, 31
Let s(n) = 91*n**2 - 10*n - 18. List the prime factors of s(-4).
2, 739
Suppose -2*h + 479 = 5*s, -6*h - 397 = -4*s - 3*h. What are the prime factors of s?
97
Let r be (-1)/(-2)*2*2. Suppose -3*d + 907 = -5*x + 12, -r*x - 1479 = -5*d. What are the prime factors of d?
5, 59
Let h be -1 + -28 + 1 + -3. Let y(w) = -w**3 - w**2 + w - 11. Let k be y(0). Let i = k - h. List the prime factors of i.
2, 5
Let v(i) be the first derivative of -1/4*i**4 - 5/3*i**3 - 4 - 4*i + i**2. What are the prime factors of v(-6)?
2, 5
What are the prime factors of (62976/(-360) + 2/(-3))*-5?
2, 439
Let w = 12 - 7. Let q = -30 - -61. Suppose -w*r + 19 = -q. List the prime factors of r.
2, 5
Let x(m) = 25*m - 3. Let h be x(3). Let t be 4/(-14) + h/56. What are the prime factors of t/1*37/1?
37
Suppose -2*m - 4*x - 6 = 0, 4*x - 6*x = -4. List the prime factors of 558/21 + 4/m.
2, 13
Suppose 5*g - 5*v - 5 = 0, 3*g + 4*v - 5 = -2. What are the prime factors of 6 - ((-3)/1 - g)?
2, 5
Suppose 8*c - 140 = 420. Let y be (12/9)/(2/(-60)). Let b = c + y. What are the prime factors of b?
2, 3, 5
List the prime factors of ((-6)/(-4))/(39/16406).
631
Let w(q) = -q**2 - 46*q + 455. What are the prime factors of w(-48)?
359
Let f(o) = 69*o**2 - 4*o + 98 + 5*o - 101. What are the prime factors of f(2)?
5, 11
Let r be 2/(-8) + (-43)/4. Let j = r - -90. List the prime factors of j.
79
Let m(v) = -3*v**3 - 6*v**2 - 5. What are the prime factors of m(-6)?
7, 61
Let g(z) = -z**3 + 3*z**2 - 3*z. Let p be g(3). List the prime factors of ((-6)/p)/(2/198).
2, 3, 11
Let d(f) = -4*f + 19. Let l be d(4). Let m be 0/((1 + -3)/2). Let v = l + m. List the prime factors of v.
3
Suppose 0 = -5*b - 2*m + 546 + 758, -262 = -b - m. Suppose 0 = 3*p + 4*a - b, 0*p - 86 = -p - 2*a. List the prime factors of p.
2, 11
What are the prime factors of (1333 + -11)/(-5 + 6)?
2, 661
Let z = -4 - -371. Suppose -3*w + 8*w - 561 = -3*t, -z = -2*t - w. Suppose 4*u - 142 = 3*l + 105, 3*u + l - t = 0. What are the prime factors of u?
61
Let k(c) = c**2 - 5*c + 3. Let y be k(5). Suppose 5*u + 166 = 4*a, -y*a = -2*u - 44 - 77. What are the prime factors of a?
3, 13
Let u(m) = m**3 + 4*m**2 - 7*m + 2. Let h be u(-5). Suppose 3*b = h*b - 639. List the prime factors of b.
71
Let c be (-6 - -3)*22/3. Let b = 46 - c. List the prime factors of b.
2, 17
Suppose 5*j - 5*v - 295 = 0, 283 = 3*j + 2*j - v. Suppose o = -s - o + j, 4*o + 56 = s. What are the prime factors of s?
2, 7
Let s be (-48)/(-4)*(-3)/(-3). Suppose 5*r = -2 + s. Suppose 58 = r*o - 14. What are the prime factors of o?
2, 3
Suppose 520 = 5*o + 5*l, 0 = -2*o - 0*l + 2*l + 192. Suppose o - 286 = -3*w. List the prime factors of w.
2, 31
Let v(q) = 3*q**2 - 6*q - 13. Let j(a) = -a**2 - a + 1. Let z(u) = j(u) + v(u). Let p be z(-6). List the prime factors of (p/18)/(2/6).
17
Let g = -9 + 11. Suppose 2*r - 69 = 2*w - 5*w, -g*r = 2*w - 44. List the prime factors of w.
5
Let k(m) = 14 - 2*m - 6 - 7 + 13. Let x be k(6). Suppose -x*t = -5*v - 55, -4*v - 7 = -4*t + 109. What are the prime factors of t?
2, 3, 5
Let m = 54 - 12. Suppose -5 = k, -58*o + 64 = -55*o - 5*k. Suppose -o = -g + m. What are the prime factors of g?
5, 11
What are the prime factors of (-8 - 12/(-3)) + 3869?
5